{"id":133,"date":"2018-09-04T15:05:00","date_gmt":"2018-09-04T18:05:00","guid":{"rendered":"https:\/\/cxcl.cl\/?page_id=133"},"modified":"2018-09-07T12:03:35","modified_gmt":"2018-09-07T15:03:35","slug":"que-es-el-ciclocross","status":"publish","type":"page","link":"https:\/\/cxcl.cl\/","title":{"rendered":"\u00bfQu\u00e9 es el Ciclocross?"},"content":{"rendered":"<p><span style=\"font-weight: 400;\">El ciclocross, abreviado com\u00fanmente como CX, \u00a0es una disciplina del ciclismo que consiste en realizar un determinado n\u00famero de vueltas a un circuito cerrado de una extensi\u00f3n cercana a los 3 km. Con circuitos que presentan la particularidad de contar con obst\u00e1culos naturales y artificiales que obligan a bajarse y correr con la bicicleta al hombro. Las carreras son cortas y muy intensas, requiriendo el m\u00e1ximo esfuerzo por 45 minutos o una hora dependiendo de la categor\u00eda. Estas caracter\u00edsticas hacen que este deporte sea muy llamativo para el espectador que podr\u00e1 ver pasar muchas veces a los corredores y as\u00ed mismo entender\u00e1 el desarrollo de la carrera. La creaci\u00f3n de un espacio cerrado de espect\u00e1culo donde el espectador forma parte de la acci\u00f3n. El formato tambi\u00e9n permite que sea un deporte apto para el disfrute de toda la familia: las competencias tienen categor\u00edas para todas las edades y no se requieren grandes habilidades para comenzar a practicarlo.<\/span><\/p>\n","protected":false},"excerpt":{"rendered":"<p>El ciclocross, abreviado com\u00fanmente como CX, \u00a0es una disciplina del ciclismo que consiste en realizar un determinado n\u00famero de vueltas a un circuito cerrado de una extensi\u00f3n cercana a los 3 km. Con circuitos que presentan la particularidad de contar con obst\u00e1culos naturales y artificiales que obligan a bajarse y correr con la bicicleta al &hellip; <\/p>\n<p class=\"link-more\"><a href=\"https:\/\/cxcl.cl\/\" class=\"more-link\">Continua leyendo<span class=\"screen-reader-text\"> &#8220;\u00bfQu\u00e9 es el Ciclocross?&#8221;<\/span><\/a><\/p>\n","protected":false},"author":1,"featured_media":39,"parent":0,"menu_order":0,"comment_status":"closed","ping_status":"closed","template":"","meta":[],"_links":{"self":[{"href":"https:\/\/cxcl.cl\/index.php\/wp-json\/wp\/v2\/pages\/133"}],"collection":[{"href":"https:\/\/cxcl.cl\/index.php\/wp-json\/wp\/v2\/pages"}],"about":[{"href":"https:\/\/cxcl.cl\/index.php\/wp-json\/wp\/v2\/types\/page"}],"author":[{"embeddable":true,"href":"https:\/\/cxcl.cl\/index.php\/wp-json\/wp\/v2\/users\/1"}],"replies":[{"embeddable":true,"href":"https:\/\/cxcl.cl\/index.php\/wp-json\/wp\/v2\/comments?post=133"}],"version-history":[{"count":2,"href":"https:\/\/cxcl.cl\/index.php\/wp-json\/wp\/v2\/pages\/133\/revisions"}],"predecessor-version":[{"id":170,"href":"https:\/\/cxcl.cl\/index.php\/wp-json\/wp\/v2\/pages\/133\/revisions\/170"}],"wp:featuredmedia":[{"embeddable":true,"href":"https:\/\/cxcl.cl\/index.php\/wp-json\/wp\/v2\/media\/39"}],"wp:attachment":[{"href":"https:\/\/cxcl.cl\/index.php\/wp-json\/wp\/v2\/media?parent=133"}],"curies":[{"name":"wp","href":"https:\/\/api.w.org\/{rel}","templated":true}]}}